{"id":127,"date":"2020-05-27T16:19:53","date_gmt":"2020-05-27T16:19:53","guid":{"rendered":"http:\/\/bf3-vogel.de\/?page_id=127"},"modified":"2020-05-27T16:36:31","modified_gmt":"2020-05-27T16:36:31","slug":"aufgabenbereiche-und-sachkunde","status":"publish","type":"page","link":"https:\/\/bf3-vogel.de\/?page_id=127","title":{"rendered":"Aufgabenbereiche und Sachkunde"},"content":{"rendered":"<div class=\"h-section-grid-container h-section-boxed-container\">\r\n<div class=\"h-row-container gutters-row-lg-2 gutters-row-md-2 gutters-row-0 gutters-row-v-lg-2 gutters-row-v-md-2 gutters-row-v-2 style-221 style-local-127-c3 position-relative\" data-colibri-id=\"127-c3\">\r\n<div class=\"h-row justify-content-lg-center justify-content-md-center justify-content-center align-items-lg-stretch align-items-md-stretch align-items-stretch gutters-col-lg-2 gutters-col-md-2 gutters-col-0 gutters-col-v-lg-2 gutters-col-v-md-2 gutters-col-v-2\">\r\n<div class=\"h-column h-column-container d-flex h-col-lg-auto h-col-md-auto h-col-auto style-222-outer style-local-127-c4-outer\">\r\n<div class=\"d-flex h-flex-basis h-column__inner h-px-lg-2 h-px-md-2 h-px-2 v-inner-lg-2 v-inner-md-2 v-inner-2 style-222 style-local-127-c4 position-relative\" data-colibri-id=\"127-c4\">\r\n<div class=\"w-100 h-y-container h-column__content h-column__v-align flex-basis-100 align-self-lg-start align-self-md-start align-self-start\">\r\n<div class=\"style-223 style-local-127-c5 position-relative h-element\" data-colibri-id=\"127-c5\">\r\n<div>\u2022 Wir bringen Gro\u00dfraum- und Schwertransporte (GST) sicher und zuverl\u00e4ssig an den Zielort, dabei zeigen wir neben P\u00fcnktlichkeit und Erfahrung auch unsere Flexibilit\u00e4t und Einsatzbereitschaft.<\/div>\r\n<div><\/div>\r\n<div>\u2022 Selbstverst\u00e4ndlich entsprechen unsere Fahrzeuge den Vorschriften der Bundesfachgruppe f\u00fcr Schwertransporte und Kranarbeiten (BSK) und erf\u00fcllen auch alle Anforderungen der Richtlinien f\u00fcr Gro\u00dfraum- und Schwertransporte (RGST).<\/div>\r\n<div><\/div>\r\n<div>\u2022 Ob \u00dcberbreite, \u00dcberl\u00e4nge, verschiedene Achskombinationen, Nachl\u00e4ufer, Telesattel, alles kein Problem f\u00fcr unsere Mitarbeiter.<\/div>\r\n<div><\/div>\r\n<div>\u2022 Mit unseren BF4 Fahrzeugen erweitern wir zudem unser Leistungsspektrum um einen weiteren wichtigen Baustein der Begleitungen.<\/div>\r\n<div><\/div>\r\n<div>Die neueste Generation dieser Fahrzeuge, ausgestattet mit drehbarer Wechselverkehrszeichenanlage und 11 Verkehrszeichen, erm\u00f6glicht es zuk\u00fcnftig Gro\u00dfraum- und Schwertransporte vollkommen selbstst\u00e4ndig zu begleiten.<\/div>\r\n<div>H\u00e4ufig werden wir derzeit noch zur Unterst\u00fctzung der Polizei mit herangezogen, jedoch k\u00f6nnen wir auch durch Polizeiersatz mit unseren Fahrzeugen auf ausgewiesenen Strecken die Flexibilit\u00e4t und Planungssicherheit der Transporte erh\u00f6hen, weil vereinbarte Termine von uns absolut p\u00fcnktlich umgesetzt werden k\u00f6nnen und dadurch Wartezeiten vermieden werden.<\/div>\r\n<div><\/div>\r\n<div>\u2022 Selbstverst\u00e4ndlich ist jeder Mitarbeiter entsprechend geschult und im Besitz eines g\u00fcltigen Berechtigungsausweises zum F\u00fchren der entsprechenden BF3- und BF4-Begleitfahrzeuge.<\/div>\r\n<\/div>\r\n<\/div>\r\n<\/div>\r\n<\/div>\r\n<\/div>\r\n<\/div>\r\n<\/div>","protected":false},"excerpt":{"rendered":"<p>\u2022 Wir bringen Gro\u00dfraum- und Schwertransporte (GST) sicher und zuverl\u00e4ssig an den Zielort, dabei zeigen wir neben P\u00fcnktlichkeit und Erfahrung auch unsere Flexibilit\u00e4t und Einsatzbereitschaft. \u2022 Selbstverst\u00e4ndlich entsprechen unsere Fahrzeuge den Vorschriften der Bundesfachgruppe f\u00fcr Schwertransporte und Kranarbeiten (BSK) und erf\u00fcllen auch alle Anforderungen der Richtlinien f\u00fcr Gro\u00dfraum- und Schwertransporte (RGST). \u2022 Ob \u00dcberbreite, \u00dcberl\u00e4nge, [&hellip;]<\/p>\n","protected":false},"author":1,"featured_media":0,"parent":0,"menu_order":0,"comment_status":"closed","ping_status":"closed","template":"page-templates\/homepage.php","meta":[],"_links":{"self":[{"href":"https:\/\/bf3-vogel.de\/index.php?rest_route=\/wp\/v2\/pages\/127"}],"collection":[{"href":"https:\/\/bf3-vogel.de\/index.php?rest_route=\/wp\/v2\/pages"}],"about":[{"href":"https:\/\/bf3-vogel.de\/index.php?rest_route=\/wp\/v2\/types\/page"}],"author":[{"embeddable":true,"href":"https:\/\/bf3-vogel.de\/index.php?rest_route=\/wp\/v2\/users\/1"}],"replies":[{"embeddable":true,"href":"https:\/\/bf3-vogel.de\/index.php?rest_route=%2Fwp%2Fv2%2Fcomments&post=127"}],"version-history":[{"count":9,"href":"https:\/\/bf3-vogel.de\/index.php?rest_route=\/wp\/v2\/pages\/127\/revisions"}],"predecessor-version":[{"id":210,"href":"https:\/\/bf3-vogel.de\/index.php?rest_route=\/wp\/v2\/pages\/127\/revisions\/210"}],"wp:attachment":[{"href":"https:\/\/bf3-vogel.de\/index.php?rest_route=%2Fwp%2Fv2%2Fmedia&parent=127"}],"curies":[{"name":"wp","href":"https:\/\/api.w.org\/{rel}","templated":true}]}}